{"id":19,"date":"2019-05-07T13:18:05","date_gmt":"2019-05-07T13:18:05","guid":{"rendered":"http:\/\/kupra.de\/?page_id=19"},"modified":"2026-02-06T10:23:01","modified_gmt":"2026-02-06T10:23:01","slug":"ueber-uns","status":"publish","type":"page","link":"https:\/\/kupra.de\/?page_id=19","title":{"rendered":"\u00dcber uns"},"content":{"rendered":"\n<p>Die Kunststoffverarbeitung verlangt viel Fingerspitzengef\u00fchl und ein umfangreiches Wissen damit die gew\u00fcnschten Ergebnisse erzielt werden k\u00f6nnen. Mit mehr als 15 Jahren Erfahrung in diesem Produktbereich haben wir uns dieses Know-How angeeignet und stellen uns gerne jeder Herausforderung. <\/p>\n\n\n\n<p>Zudem unterst\u00fctzen wir unsere Kunden durch einen herausragenden Service. Unser Ziel ist es, Ihren Erfolg zu steigern und Sie rund um das Thema Spritzguss zu begleiten. Wir stehen Ihnen in der Entwicklungsphase zur Seite, schrecken nicht vor Termindruck oder Sonderanforderungen zur\u00fcck und sind ein langfristig verl\u00e4sslicher Partner.<\/p>\n\n\n\n<p>Im Bereich Werkzeugbau sind wir \u00e4u\u00dferst flexibel. Wir arbeiten mit den von Ihnen beigestellten Werkzeugen oder bieten Ihnen f\u00fcr neue Projekte auch gerne eine Teilefertigung inklusive Qualit\u00e4tswerkzeug an.<\/p>\n\n\n\n<p>Haben Sie Fragen oder sind Sie auf der Suche nach einem zuverl\u00e4ssigen und kompetenten Partner? Rufen Sie uns an oder schreiben Sie uns<\/p>\n\n\n\n<p><\/p>\n\n\n\n<figure class=\"wp-block-gallery has-nested-images columns-default is-cropped wp-block-gallery-1 is-layout-flex wp-block-gallery-is-layout-flex\">\n<figure class=\"wp-block-image size-large\"><img loading=\"lazy\" decoding=\"async\" width=\"768\" height=\"1024\" data-id=\"142\" src=\"https:\/\/kupra.de\/wp-content\/uploads\/2026\/02\/a89e7e3b-65d8-4428-bd14-33f6f1dbfcde-768x1024.jpg\" alt=\"\" class=\"wp-image-142\" srcset=\"https:\/\/kupra.de\/wp-content\/uploads\/2026\/02\/a89e7e3b-65d8-4428-bd14-33f6f1dbfcde-768x1024.jpg 768w, https:\/\/kupra.de\/wp-content\/uploads\/2026\/02\/a89e7e3b-65d8-4428-bd14-33f6f1dbfcde-225x300.jpg 225w, https:\/\/kupra.de\/wp-content\/uploads\/2026\/02\/a89e7e3b-65d8-4428-bd14-33f6f1dbfcde.jpg 1076w\" sizes=\"(max-width: 768px) 100vw, 768px\" \/><\/figure>\n\n\n\n<figure class=\"wp-block-image size-large\"><img loading=\"lazy\" decoding=\"async\" width=\"768\" height=\"1024\" data-id=\"141\" src=\"https:\/\/kupra.de\/wp-content\/uploads\/2026\/02\/c462947f-3d82-4d19-b08a-967bcd14a033-768x1024.jpg\" alt=\"\" class=\"wp-image-141\" srcset=\"https:\/\/kupra.de\/wp-content\/uploads\/2026\/02\/c462947f-3d82-4d19-b08a-967bcd14a033-768x1024.jpg 768w, https:\/\/kupra.de\/wp-content\/uploads\/2026\/02\/c462947f-3d82-4d19-b08a-967bcd14a033-225x300.jpg 225w, https:\/\/kupra.de\/wp-content\/uploads\/2026\/02\/c462947f-3d82-4d19-b08a-967bcd14a033.jpg 1076w\" sizes=\"(max-width: 768px) 100vw, 768px\" \/><\/figure>\n\n\n\n<figure class=\"wp-block-image size-large\"><img loading=\"lazy\" decoding=\"async\" width=\"1024\" height=\"768\" data-id=\"139\" src=\"https:\/\/kupra.de\/wp-content\/uploads\/2026\/02\/IMG_7100-1024x768.jpg\" alt=\"\" class=\"wp-image-139\" srcset=\"https:\/\/kupra.de\/wp-content\/uploads\/2026\/02\/IMG_7100-1024x768.jpg 1024w, https:\/\/kupra.de\/wp-content\/uploads\/2026\/02\/IMG_7100-300x225.jpg 300w, https:\/\/kupra.de\/wp-content\/uploads\/2026\/02\/IMG_7100-768x576.jpg 768w, https:\/\/kupra.de\/wp-content\/uploads\/2026\/02\/IMG_7100-1536x1152.jpg 1536w, https:\/\/kupra.de\/wp-content\/uploads\/2026\/02\/IMG_7100.jpg 2016w\" sizes=\"(max-width: 1024px) 100vw, 1024px\" \/><\/figure>\n<\/figure>\n\n\n\n<div class=\"wp-block-button is-style-squared\"><a class=\"wp-block-button__link has-background\" href=\"https:\/\/kupra.de\/?page_id=20\" style=\"background-color:#2a6d7d\">Klicken SIe hier!<br><\/a><\/div>\n\n\n\n<p><\/p>\n","protected":false},"excerpt":{"rendered":"<p>Die Kunststoffverarbeitung verlangt viel Fingerspitzengef\u00fchl und ein umfangreiches Wissen damit die gew\u00fcnschten Ergebnisse erzielt werden k\u00f6nnen. Mit mehr als 15 Jahren Erfahrung in diesem Produktbereich haben wir uns dieses Know-How angeeignet und stellen uns gerne jeder Herausforderung. Zudem unterst\u00fctzen wir unsere Kunden durch einen herausragenden Service. Unser Ziel ist es, [&hellip;]<\/p>\n","protected":false},"author":1,"featured_media":0,"parent":0,"menu_order":0,"comment_status":"closed","ping_status":"closed","template":"","meta":{"footnotes":""},"class_list":["post-19","page","type-page","status-publish","hentry"],"_links":{"self":[{"href":"https:\/\/kupra.de\/index.php?rest_route=\/wp\/v2\/pages\/19"}],"collection":[{"href":"https:\/\/kupra.de\/index.php?rest_route=\/wp\/v2\/pages"}],"about":[{"href":"https:\/\/kupra.de\/index.php?rest_route=\/wp\/v2\/types\/page"}],"author":[{"embeddable":true,"href":"https:\/\/kupra.de\/index.php?rest_route=\/wp\/v2\/users\/1"}],"replies":[{"embeddable":true,"href":"https:\/\/kupra.de\/index.php?rest_route=%2Fwp%2Fv2%2Fcomments&post=19"}],"version-history":[{"count":7,"href":"https:\/\/kupra.de\/index.php?rest_route=\/wp\/v2\/pages\/19\/revisions"}],"predecessor-version":[{"id":154,"href":"https:\/\/kupra.de\/index.php?rest_route=\/wp\/v2\/pages\/19\/revisions\/154"}],"wp:attachment":[{"href":"https:\/\/kupra.de\/index.php?rest_route=%2Fwp%2Fv2%2Fmedia&parent=19"}],"curies":[{"name":"wp","href":"https:\/\/api.w.org\/{rel}","templated":true}]}}